[INFO] fetching crate elfloader32 0.0.3...
[INFO] checking elfloader32-0.0.3 against master#9610dfe5a9a731ced1ea4923ecbd0c57fe367898 for beta-170-4
[INFO] extracting crate elfloader32 0.0.3 into /workspace/builds/worker-0-tc1/source
[INFO] validating manifest of crates.io crate elfloader32 0.0.3 on toolchain 9610dfe5a9a731ced1ea4923ecbd0c57fe367898
[INFO] running `Command { std: CARGO_HOME="/workspace/cargo-home" RUSTUP_HOME="/workspace/rustup-home" "/workspace/cargo-home/bin/cargo" "+9610dfe5a9a731ced1ea4923ecbd0c57fe367898" "metadata" "--manifest-path" "Cargo.toml" "--no-deps", kill_on_drop: false }`
[INFO] started tweaking crates.io crate elfloader32 0.0.3
[INFO] finished tweaking crates.io crate elfloader32 0.0.3
[INFO] tweaked toml for crates.io crate elfloader32 0.0.3 written to /workspace/builds/worker-0-tc1/source/Cargo.toml
[INFO] running `Command { std: CARGO_HOME="/workspace/cargo-home" RUSTUP_HOME="/workspace/rustup-home" __CARGO_TEST_CHANNEL_OVERRIDE_DO_NOT_USE_THIS="nightly" "/workspace/cargo-home/bin/cargo" "+9610dfe5a9a731ced1ea4923ecbd0c57fe367898" "generate-lockfile" "--manifest-path" "Cargo.toml" "-Zno-index-update", kill_on_drop: false }`
[INFO] [stderr]     Blocking waiting for file lock on package cache
[INFO] running `Command { std: CARGO_HOME="/workspace/cargo-home" RUSTUP_HOME="/workspace/rustup-home" "/workspace/cargo-home/bin/cargo" "+9610dfe5a9a731ced1ea4923ecbd0c57fe367898" "fetch" "--manifest-path" "Cargo.toml", kill_on_drop: false }`
[INFO] [stderr]     Blocking waiting for file lock on package cache
[INFO] running `Command { std: "docker" "create" "-v" "/var/lib/crater-agent-workspace/builds/worker-0-tc1/target:/opt/rustwide/target:rw,Z" "-v" "/var/lib/crater-agent-workspace/builds/worker-0-tc1/source:/opt/rustwide/workdir:ro,Z" "-v" "/var/lib/crater-agent-workspace/cargo-home:/opt/rustwide/cargo-home:ro,Z" "-v" "/var/lib/crater-agent-workspace/rustup-home:/opt/rustwide/rustup-home:ro,Z" "-e" "SOURCE_DIR=/opt/rustwide/workdir" "-e" "CARGO_TARGET_DIR=/opt/rustwide/target" "-e" "CARGO_HOME=/opt/rustwide/cargo-home" "-e" "RUSTUP_HOME=/opt/rustwide/rustup-home" "-w" "/opt/rustwide/workdir" "-m" "1610612736" "--user" "0:0" "--network" "none" "ghcr.io/rust-lang/crates-build-env/linux@sha256:19e73879b68f455e41552ea35293514db52ea292d993f571636dbffedb77a1ee" "/opt/rustwide/cargo-home/bin/cargo" "+9610dfe5a9a731ced1ea4923ecbd0c57fe367898" "metadata" "--no-deps" "--format-version=1", kill_on_drop: false }`
[INFO] [stdout] 91a94f82c04a010e990e2ae4a573628cc29fb12d1a3b4424107b06d150bc1bec
[INFO] running `Command { std: "docker" "start" "-a" "91a94f82c04a010e990e2ae4a573628cc29fb12d1a3b4424107b06d150bc1bec", kill_on_drop: false }`
[INFO] running `Command { std: "docker" "inspect" "91a94f82c04a010e990e2ae4a573628cc29fb12d1a3b4424107b06d150bc1bec", kill_on_drop: false }`
[INFO] running `Command { std: "docker" "rm" "-f" "91a94f82c04a010e990e2ae4a573628cc29fb12d1a3b4424107b06d150bc1bec", kill_on_drop: false }`
[INFO] [stdout] 91a94f82c04a010e990e2ae4a573628cc29fb12d1a3b4424107b06d150bc1bec
[INFO] running `Command { std: "docker" "create" "-v" "/var/lib/crater-agent-workspace/builds/worker-0-tc1/target:/opt/rustwide/target:rw,Z" "-v" "/var/lib/crater-agent-workspace/builds/worker-0-tc1/source:/opt/rustwide/workdir:ro,Z" "-v" "/var/lib/crater-agent-workspace/cargo-home:/opt/rustwide/cargo-home:ro,Z" "-v" "/var/lib/crater-agent-workspace/rustup-home:/opt/rustwide/rustup-home:ro,Z" "-e" "SOURCE_DIR=/opt/rustwide/workdir" "-e" "CARGO_TARGET_DIR=/opt/rustwide/target" "-e" "CARGO_INCREMENTAL=0" "-e" "RUST_BACKTRACE=full" "-e" "RUSTFLAGS=--cap-lints=forbid" "-e" "RUSTDOCFLAGS=--cap-lints=forbid" "-e" "CARGO_HOME=/opt/rustwide/cargo-home" "-e" "RUSTUP_HOME=/opt/rustwide/rustup-home" "-w" "/opt/rustwide/workdir" "-m" "1610612736" "--user" "0:0" "--network" "none" "ghcr.io/rust-lang/crates-build-env/linux@sha256:19e73879b68f455e41552ea35293514db52ea292d993f571636dbffedb77a1ee" "/opt/rustwide/cargo-home/bin/cargo" "+9610dfe5a9a731ced1ea4923ecbd0c57fe367898" "check" "--frozen" "--all" "--all-targets" "--message-format=json", kill_on_drop: false }`
[INFO] [stdout] 8480953b02908baf5a109693676a7289b953bb62d3999f6265b6e6b32f63f472
[INFO] running `Command { std: "docker" "start" "-a" "8480953b02908baf5a109693676a7289b953bb62d3999f6265b6e6b32f63f472", kill_on_drop: false }`
[INFO] [stderr]     Checking elfloader32 v0.0.3 (/opt/rustwide/workdir)
[INFO] [stdout] error[E0557]: feature has been removed
[INFO] [stdout]  --> src/lib.rs:1:56
[INFO] [stdout]   |
[INFO] [stdout] 1 | #![feature(no_std, core, core_prelude, core_slice_ext, custom_derive)]
[INFO] [stdout]   |                                                        ^^^^^^^^^^^^^ feature has been removed
[INFO] [stdout]   |
[INFO] [stdout]   = note: subsumed by `#[proc_macro_derive]`
[INFO] [stdout] 
[INFO] [stdout] 
[INFO] [stdout] error[E0557]: feature has been removed
[INFO] [stdout]  --> src/lib.rs:1:56
[INFO] [stdout]   |
[INFO] [stdout] 1 | #![feature(no_std, core, core_prelude, core_slice_ext, custom_derive)]
[INFO] [stdout]   |                                                        ^^^^^^^^^^^^^ feature has been removed
[INFO] [stdout]   |
[INFO] [stdout]   = note: subsumed by `#[proc_macro_derive]`
[INFO] [stdout] 
[INFO] [stdout] 
[INFO] [stdout] warning: use of deprecated macro `try`: use the `?` operator instead
[INFO] [stdout]    --> src/elf.rs:446:13
[INFO] [stdout]     |
[INFO] [stdout] 446 |             try!(write!(f, "R"));
[INFO] [stdout]     |             ^^^
[INFO] [stdout]     |
[INFO] [stdout]     = note: `#[warn(deprecated)]` on by default
[INFO] [stdout] 
[INFO] [stdout] 
[INFO] [stdout] warning: use of deprecated macro `try`: use the `?` operator instead
[INFO] [stdout]    --> src/elf.rs:448:13
[INFO] [stdout]     |
[INFO] [stdout] 448 |             try!(write!(f, " "));
[INFO] [stdout]     |             ^^^
[INFO] [stdout] 
[INFO] [stdout] 
[INFO] [stdout] warning: use of deprecated macro `try`: use the `?` operator instead
[INFO] [stdout]    --> src/elf.rs:451:13
[INFO] [stdout]     |
[INFO] [stdout] 451 |             try!(write!(f, "W"));
[INFO] [stdout]     |             ^^^
[INFO] [stdout] 
[INFO] [stdout] 
[INFO] [stdout] warning: use of deprecated macro `try`: use the `?` operator instead
[INFO] [stdout]    --> src/elf.rs:453:13
[INFO] [stdout]     |
[INFO] [stdout] 453 |             try!(write!(f, " "));
[INFO] [stdout]     |             ^^^
[INFO] [stdout] 
[INFO] [stdout] 
[INFO] [stdout] warning: use of deprecated macro `try`: use the `?` operator instead
[INFO] [stdout]    --> src/elf.rs:446:13
[INFO] [stdout]     |
[INFO] [stdout] 446 |             try!(write!(f, "R"));
[INFO] [stdout]     |             ^^^
[INFO] [stdout]     |
[INFO] [stdout]     = note: `#[warn(deprecated)]` on by default
[INFO] [stdout] 
[INFO] [stdout] 
[INFO] [stdout] warning: use of deprecated macro `try`: use the `?` operator instead
[INFO] [stdout]    --> src/elf.rs:448:13
[INFO] [stdout]     |
[INFO] [stdout] 448 |             try!(write!(f, " "));
[INFO] [stdout]     |             ^^^
[INFO] [stdout] 
[INFO] [stdout] 
[INFO] [stdout] warning: use of deprecated macro `try`: use the `?` operator instead
[INFO] [stdout]    --> src/elf.rs:451:13
[INFO] [stdout]     |
[INFO] [stdout] 451 |             try!(write!(f, "W"));
[INFO] [stdout]     |             ^^^
[INFO] [stdout] 
[INFO] [stdout] 
[INFO] [stdout] warning: use of deprecated macro `try`: use the `?` operator instead
[INFO] [stdout]    --> src/elf.rs:453:13
[INFO] [stdout]     |
[INFO] [stdout] 453 |             try!(write!(f, " "));
[INFO] [stdout]     |             ^^^
[INFO] [stdout] 
[INFO] [stdout] 
[INFO] [stdout] warning: the feature `no_std` has been stable since 1.6.0 and no longer requires an attribute to enable
[INFO] [stdout]  --> src/lib.rs:1:12
[INFO] [stdout]   |
[INFO] [stdout] 1 | #![feature(no_std, core, core_prelude, core_slice_ext, custom_derive)]
[INFO] [stdout]   |            ^^^^^^
[INFO] [stdout]   |
[INFO] [stdout]   = note: `#[warn(stable_features)]` on by default
[INFO] [stdout] 
[INFO] [stdout] 
[INFO] [stdout] warning: the feature `core` has been stable since 1.6.0 and no longer requires an attribute to enable
[INFO] [stdout]  --> src/lib.rs:1:20
[INFO] [stdout]   |
[INFO] [stdout] 1 | #![feature(no_std, core, core_prelude, core_slice_ext, custom_derive)]
[INFO] [stdout]   |                    ^^^^
[INFO] [stdout] 
[INFO] [stdout] 
[INFO] [stdout] warning: the feature `core_prelude` has been stable since 1.4.0 and no longer requires an attribute to enable
[INFO] [stdout]  --> src/lib.rs:1:26
[INFO] [stdout]   |
[INFO] [stdout] 1 | #![feature(no_std, core, core_prelude, core_slice_ext, custom_derive)]
[INFO] [stdout]   |                          ^^^^^^^^^^^^
[INFO] [stdout] 
[INFO] [stdout] 
[INFO] [stdout] error[E0635]: unknown feature `core_slice_ext`
[INFO] [stdout]  --> src/lib.rs:1:40
[INFO] [stdout]   |
[INFO] [stdout] 1 | #![feature(no_std, core, core_prelude, core_slice_ext, custom_derive)]
[INFO] [stdout]   |                                        ^^^^^^^^^^^^^^
[INFO] [stdout] 
[INFO] [stdout] 
[INFO] [stdout] warning: the feature `no_std` has been stable since 1.6.0 and no longer requires an attribute to enable
[INFO] [stdout]  --> src/lib.rs:1:12
[INFO] [stdout]   |
[INFO] [stdout] 1 | #![feature(no_std, core, core_prelude, core_slice_ext, custom_derive)]
[INFO] [stdout]   |            ^^^^^^
[INFO] [stdout]   |
[INFO] [stdout]   = note: `#[warn(stable_features)]` on by default
[INFO] [stdout] 
[INFO] [stdout] 
[INFO] [stdout] warning: the feature `core` has been stable since 1.6.0 and no longer requires an attribute to enable
[INFO] [stdout]  --> src/lib.rs:1:20
[INFO] [stdout]   |
[INFO] [stdout] 1 | #![feature(no_std, core, core_prelude, core_slice_ext, custom_derive)]
[INFO] [stdout]   |                    ^^^^
[INFO] [stdout] 
[INFO] [stdout] 
[INFO] [stdout] warning: the feature `core_prelude` has been stable since 1.4.0 and no longer requires an attribute to enable
[INFO] [stdout]  --> src/lib.rs:1:26
[INFO] [stdout]   |
[INFO] [stdout] 1 | #![feature(no_std, core, core_prelude, core_slice_ext, custom_derive)]
[INFO] [stdout]   |                          ^^^^^^^^^^^^
[INFO] [stdout] 
[INFO] [stdout] 
[INFO] [stdout] error[E0635]: unknown feature `core_slice_ext`
[INFO] [stdout]  --> src/lib.rs:1:40
[INFO] [stdout]   |
[INFO] [stdout] 1 | #![feature(no_std, core, core_prelude, core_slice_ext, custom_derive)]
[INFO] [stdout]   |                                        ^^^^^^^^^^^^^^
[INFO] [stdout] 
[INFO] [stdout] 
[INFO] [stdout] warning: trait objects without an explicit `dyn` are deprecated
[INFO] [stdout]    --> src/lib.rs:157:64
[INFO] [stdout]     |
[INFO] [stdout] 157 |     fn load_header(&self, p: &elf::ProgramHeader, loader: &mut ElfLoader) {
[INFO] [stdout]     |                                                                ^^^^^^^^^
[INFO] [stdout]     |
[INFO] [stdout]     = warning: this is accepted in the current edition (Rust 2015) but is a hard error in Rust 2021!
[INFO] [stdout]     = note: for more information, see <https://doc.rust-lang.org/nightly/edition-guide/rust-2021/warnings-promoted-to-error.html>
[INFO] [stdout]     = note: `#[warn(bare_trait_objects)]` on by default
[INFO] [stdout] help: use `dyn`
[INFO] [stdout]     |
[INFO] [stdout] 157 |     fn load_header(&self, p: &elf::ProgramHeader, loader: &mut dyn ElfLoader) {
[INFO] [stdout]     |                                                                +++
[INFO] [stdout] 
[INFO] [stdout] 
[INFO] [stdout] warning: trait objects without an explicit `dyn` are deprecated
[INFO] [stdout]    --> src/lib.rs:172:37
[INFO] [stdout]     |
[INFO] [stdout] 172 |     pub fn load(&self, loader: &mut ElfLoader) {
[INFO] [stdout]     |                                     ^^^^^^^^^
[INFO] [stdout]     |
[INFO] [stdout]     = warning: this is accepted in the current edition (Rust 2015) but is a hard error in Rust 2021!
[INFO] [stdout]     = note: for more information, see <https://doc.rust-lang.org/nightly/edition-guide/rust-2021/warnings-promoted-to-error.html>
[INFO] [stdout] help: use `dyn`
[INFO] [stdout]     |
[INFO] [stdout] 172 |     pub fn load(&self, loader: &mut dyn ElfLoader) {
[INFO] [stdout]     |                                     +++
[INFO] [stdout] 
[INFO] [stdout] 
[INFO] [stdout] warning: trait objects without an explicit `dyn` are deprecated
[INFO] [stdout]    --> src/lib.rs:157:64
[INFO] [stdout]     |
[INFO] [stdout] 157 |     fn load_header(&self, p: &elf::ProgramHeader, loader: &mut ElfLoader) {
[INFO] [stdout]     |                                                                ^^^^^^^^^
[INFO] [stdout]     |
[INFO] [stdout]     = warning: this is accepted in the current edition (Rust 2015) but is a hard error in Rust 2021!
[INFO] [stdout]     = note: for more information, see <https://doc.rust-lang.org/nightly/edition-guide/rust-2021/warnings-promoted-to-error.html>
[INFO] [stdout]     = note: `#[warn(bare_trait_objects)]` on by default
[INFO] [stdout] help: use `dyn`
[INFO] [stdout]     |
[INFO] [stdout] 157 |     fn load_header(&self, p: &elf::ProgramHeader, loader: &mut dyn ElfLoader) {
[INFO] [stdout]     |                                                                +++
[INFO] [stdout] 
[INFO] [stdout] 
[INFO] [stdout] warning: trait objects without an explicit `dyn` are deprecated
[INFO] [stdout]    --> src/lib.rs:172:37
[INFO] [stdout]     |
[INFO] [stdout] 172 |     pub fn load(&self, loader: &mut ElfLoader) {
[INFO] [stdout]     |                                     ^^^^^^^^^
[INFO] [stdout]     |
[INFO] [stdout]     = warning: this is accepted in the current edition (Rust 2015) but is a hard error in Rust 2021!
[INFO] [stdout]     = note: for more information, see <https://doc.rust-lang.org/nightly/edition-guide/rust-2021/warnings-promoted-to-error.html>
[INFO] [stdout] help: use `dyn`
[INFO] [stdout]     |
[INFO] [stdout] 172 |     pub fn load(&self, loader: &mut dyn ElfLoader) {
[INFO] [stdout]     |                                     +++
[INFO] [stdout] 
[INFO] [stdout] 
[INFO] [stdout] error: aborting due to 2 previous errors; 9 warnings emitted
[INFO] [stdout] 
[INFO] [stdout] 
[INFO] [stdout] Some errors have detailed explanations: E0557, E0635.
[INFO] [stdout] 
[INFO] [stdout] For more information about an error, try `rustc --explain E0557`.
[INFO] [stdout] 
[INFO] [stderr] error: could not compile `elfloader32` (lib) due to 3 previous errors; 9 warnings emitted
[INFO] [stderr] warning: build failed, waiting for other jobs to finish...
[INFO] [stdout] error: aborting due to 2 previous errors; 9 warnings emitted
[INFO] [stdout] 
[INFO] [stdout] 
[INFO] [stdout] Some errors have detailed explanations: E0557, E0635.
[INFO] [stdout] 
[INFO] [stdout] For more information about an error, try `rustc --explain E0557`.
[INFO] [stdout] 
[INFO] [stderr] error: could not compile `elfloader32` (lib test) due to 3 previous errors; 9 warnings emitted
[INFO] running `Command { std: "docker" "inspect" "8480953b02908baf5a109693676a7289b953bb62d3999f6265b6e6b32f63f472", kill_on_drop: false }`
[INFO] running `Command { std: "docker" "rm" "-f" "8480953b02908baf5a109693676a7289b953bb62d3999f6265b6e6b32f63f472", kill_on_drop: false }`
[INFO] [stdout] 8480953b02908baf5a109693676a7289b953bb62d3999f6265b6e6b32f63f472
